 of v?
3, 23
Let v(p) = p**3 + 11*p**2 - p + 3. Let g be 88/(-4)*(-3)/(-6). List the prime factors of v(g).
2, 7
Suppose -1 - 3 = r. Let p = r - -5. What are the prime factors of (-12)/3*p/(-2)?
2
Let f(r) = -r**3 - 10*r**2 - 8*r + 9. Let j be f(-9). Suppose j = -s - 3*s + 68. List the prime factors of s.
17
Suppose -6*n - 357 = -13*n. What are the prime factors of n?
3, 17
Let j(o) be the first derivative of 67*o**3/3 + o**2/2 + o - 4. Let s be j(-1). What are the prime factors of 3/(-4) + s/4?
2
Let x be 8/5 + 4/10. Suppose 0 = q - x - 1. What are the prime factors of q?
3
Let y(r) = -r**2 + 5*r + 3. Let v be y(5). Suppose -5*s - 5 = 0, -k = v*s - 2*s - 3. What are the prime factors of k?
2
Let k = -4 - -28. Suppose 3*f - 87 = 15. Let y = f - k. List the prime factors of y.
2, 5
Let y(b) = 3 - 1 - b + 3. List the prime factors of y(-5).
2, 5
Let u = -5 - -5. Suppose -2*v + 12 + 4 = u. Let i = 2 + v. What are the prime factors of i?
2, 5
Suppose -q + 3 = 2. Suppose 3*b - q - 8 = 0. List the prime factors of b.
3
Suppose -4*d + 62 = 2*k - 0*k, -d + 5*k + 43 = 0. Let y = 10 + -7. Suppose y*j = j + d. What are the prime factors of j?
3
Suppose -w + 16 = -4. Suppose -w = -a + 9. What are the prime factors of a?
29
Let z(f) be the first derivative of -f**2 - 12*f + 1. List the prime factors of z(-10).
2
Let c = -67 + 43. Let s be c/2*12/(-6). List the prime factors of ((-5)/(-10))/(1/s).
2, 3
Let m(n) = n**2 - 9*n + 6. Let c(l) = l**2 + 9. Let h be c(0). What are the prime factors of m(h)?
2, 3
Let r(s) = s**3 - s**2 + s + 1. Suppose 1 - 7 = p. Let x(g) = -5*g**3 + 2*g**2 - 12*g - 12. Let d(y) = p*r(y) - x(y). List the prime factors of d(5).
11
Let f = 4 - -30. What are the prime factors of f?
2, 17
Let x = -110 - -225. What are the prime factors of x?
5, 23
Let z(j) = j + 1. Suppose 5 = 2*q + 3. Let w be z(q). Suppose -3*m - w*m = -30. What are the prime factors of m?
2, 3
Let a = 307 - 211. Let k be (-1)/(-2*2/a). Let g = -12 + k. List the prime factors of g.
2, 3
Let c = 12 - -12. What are the prime factors of c?
2, 3
Suppose -t + 3*x + 23 = 0, -4*t + 0*t - 5*x = -24. Let l = t + -9. List the prime factors of l.
2
Let h(v) = -3*v - v**3 + 7 - 3 - 2*v**2 + 2*v. What are the prime factors of h(-3)?
2
List the prime factors of 3/7 + 650/35.
19
Suppose -3*h + 3*y + 423 = 0, h + 2*h + y = 435. Suppose m + h = 5*m. Suppose -7*d + 2*a + m = -3*d, d - a - 11 = 0. List the prime factors of d.
7
Let j be (-1)/((-30)/9 + 3). Let u = j - -9. What are the prime factors of u?
2, 3
Suppose -9*k + 3 = -8*k. Let h(a) = -a. Let j be h(-2). Suppose 23 = j*q + k. What are the prime factors of q?
2, 5
Let c be -21*((-2)/3 + 1). Let u = 24 + c. What are the prime factors of u?
17
Suppose 63*t - 681 = 60*t. List the prime factors of t.
227
Let f = -18 - -10. Let j(g) = -g**3 - 7*g**2 + 6*g + 10. What are the prime factors of j(f)?
2, 13
Suppose t - 3*m - 63 = -0*t, -5*m - 20 = 0. What are the prime factors of t?
3, 17
Suppose 3*m = -5*p + 84, -2*p - 2*p + 78 = -3*m. What are the prime factors of 56/(-6)*p/(-4)?
2, 3, 7
Suppose 8*l - 39 = -2*j + 3*l, -j + 5*l = 3. What are the prime factors of j?
2, 3
Let z = 15 - -20. Let b = -24 + z. List the prime factors of b.
11
Let s(w) = 4*w - 15. Suppose 5*f - 4*x = -0*x + 30, -4*f + 5*x + 15 = 0. List the prime factors of s(f).
5
Let i(b) = b. Let g be i(2). List the prime factors of -4*((-9)/g)/1.
2, 3
Let n be (0/(-2) - -8) + -3. Suppose 2*m + 2*i + 2*i = 8, 3*i = n*m - 59. Suppose m = -2*l, r - 3*l - 14 - 15 = 0. List the prime factors of r.
2, 7
Let c = 16 - 11. Suppose 4*h = -2*r + 10, 3*r + 2 - 28 = c*h. List the prime factors of 1/r + (-664)/(-56).
2, 3
Let l(g) = -g - 1. Let r(n) = 2*n + 4. Let b(s) = 3*l(s) + r(s). Let k be b(-5). Let z = k - 1. List the prime factors of z.
5
Suppose 4*f - 4*s = 60, -7*f + 2*f + 66 = 4*s. Let x = -4 + f. What are the prime factors of x?
2, 5
Let c(d) = 2*d**2 + 2. Let o = 8 - 4. Let j be (-2)/(7/(42/o)). What are the prime factors of c(j)?
2, 5
Suppose 5*j = -5*s + 92 - 17, 0 = -4*j - 2*s + 54. Suppose -2*k = 4 - j. Suppose -1 + k = a. List the prime factors of a.
3
Let u(l) be the second derivative of -2/3*l**3 + 5/12*l**4 + l**2 - 2*l - 1/20*l**5 + 0. List the prime factors of u(3).
2
Let y = 128 - 64. What are the prime factors of y?
2
Let l = 4 - -6. Let i = 23 - l. What are the prime factors of i?
13
Let j(k) = 2*k**3 + 9*k**2 + 11*k + 10. Let b(q) = 3*q**3 + 10*q**2 + 12*q + 11. Let y(r) = -3*b(r) + 4*j(r). What are the prime factors of y(7)?
2, 7
Let z = 185 - 130. What are the prime factors of z?
5, 11
Let t be (0 - 2)/(-2)*11. Suppose 99 = -8*r + t*r. List the prime factors of r.
3, 11
Let o = -9 - -7. What are the prime factors of (12/(-20))/(o/130)?
3, 13
Suppose -15 = -3*g - 6. Let f(a) = 3*a - 5*a - a**g - 11*a**2 + a + 2. What are the prime factors of f(-11)?
13
Suppose 4 = 3*z - 2*z. Suppose -h + 65 = z*h. What are the prime factors of h?
13
Suppose -4*s = -a - 29, -a - 10 = 5*s - 53. Let u = 10 - s. List the prime factors of u.
2
Let g = 6 - -8. Let z = 4 + -2. Suppose 0 = 2*t + 8, -z*d - t = -3*d + g. List the prime factors of d.
2, 5
Let f(i) = 17*i**3 + 3*i**2 - 5*i + 4. What are the prime factors of f(2)?
2, 71
Let o(y) = y**2 + 2*y - 9. Let b be o(-4). Let n(j) = 19*j**2 - 2*j - 1. List the prime factors of n(b).
2, 5
Let q(a) = -a + 8. Let y be q(10). Let j be -2*(-3)/y*-2. Suppose -3*i + 60 = -2*o, 2*i - j*i + 3*o = -81. List the prime factors of i.
2, 3
Let b = -2 - -4. Let n(z) = 2*z - 5. Let m be n(5). Suppose 4*x - 22 = -4*r + 14, 0 = -b*x + m*r + 11. List the prime factors of x.
2
Let p(k) be the third derivative of -k**6/120 - 7*k**5/60 - k**4/3 - k**3/2 - 2*k**2. What are the prime factors of p(-6)?
3
Let p = -3 - -4. List the prime factors of 7 - (1 - 1/p).
7
Let h(j) = -j**3 - 9*j**2 - 8*j - 4. Let y be h(-8). Let p be (-6)/(-9) - y/(-6). Suppose x - 4*v + 12 = p, v = -v + 10. List the prime factors of x.
2
Suppose -502 = -5*f + 3*l, 2*f + 2*l = 34 + 154. What are the prime factors of f?
2, 7
Let c(s) = -s**3 - 5*s**2 + 6*s + 9. List the prime factors of c(-6).
3
Let g = 95 - -254. What are the prime factors of g?
349
List the prime factors of -1 - -5 - (8 - 26).
2, 11
Let p(z) = -2*z**2 + 3*z + 1. Let x be p(3). List the prime factors of (-55)/(-8) - x/64.
7
Suppose -4*h + 159 = i, -4*i + 77 = 2*h - i. Suppose -2*x = 2*a - 0*x - 112, -3*a = 4*x - 168. Let w = a - h. List the prime factors of w.
2
What are the prime factors of ((-1)/(-2))/((-4)/(-32))?
2
Suppose 0 = r + 3, 6 = 4*d + 5*r + 1. List the prime factors of (6/d)/((-3)/(-20)).
2
Suppose n + 0*n = 5. Suppose 6 = 3*p, -n*f + p = -28 - 10. What are the prime factors of f?
2
Suppose 0 = 2*g - 7*g + 120. What are the prime factors of g?
2, 3
Let c(v) = -4*v - 24. List the prime factors of c(-11).
2, 5
Suppose -2*w = -5*j - 30, 4 + 2 = 3*j. Suppose d = 3*d, 0 = -4*h - 3*d + w. Suppose -15 = -2*g - h*n, 3*g - 3*n = -0*g + 33. List the prime factors of g.
2, 5
Suppose 116*q - 125*q = -2862. What are the prime factors of q?
2, 3, 53
List the prime factors of 196/16 - (-2)/(-8).
2, 3
Let r = -6 + 2. Let f = r - -8. Suppose -i = -f*i + 21. What are the prime factors of i?
7
Let u be (-15)/6*12/(-15). Suppose -4*m = -u*m. Suppose -5 = -3*i + 2*t + 17, 2*i + 3*t - 6 = m. What are the prime factors of i?
2, 3
Let b(i) = -i**2 + i - 1. Let h be b(2). Let x be h*5/(15/(-4)). Suppose 0 = -x*n + 2*u + 39 - 1, 3*n = 2*u + 27. What are the prime factors of n?
11
Let j(c) = c - 2. Let v be j(4). Let r be -1 + 5/(v + -1). Suppose -3*y = 2*y + 5, r*t + 2*y = 6. What are the prime factors of t?
2
Let n = -26 - -61. What are the prime factors of n?
5, 7
Let n be ((-90)/(-3))/((-3)/(-2)). Let z = n + -14. What are the prime factors of z?
2, 3
Let w = 176 - 34. List the prime factors of w.
2, 71
Let t(b) = b**2 + 4*b - 3. Let w = -3 - -5. Suppose h = 4*s - w*h + 21, 4*h = 4*s + 20. What are the prime factors of t(s)?
3
What are the prime factors of (-25)/10*-2*31?
5, 31
Let y(i) = 12*i**2 + 7*i - 10. List the prime factors of y(3).
7, 17
Suppose 2*g + 70 = 5*q - 45, 2*q + 2*g = 60. What are the prime factors of q?
5
Let a = 10 - -27. Suppose -3*x - 3*w = -27, 0 = -3*x + w + w + a. Let s = -3 + x. List the prime fa